emainder when 3695 is divided by 88?
87
What is the remainder when 12365 is divided by 619?
604
Calculate the remainder when 2206 is divided by 472.
318
What is the remainder when 239099 is divided by 6?
5
What is the remainder when 110663 is divided by 522?
521
Calculate the remainder when 290088 is divided by 694.
690
What is the remainder when 34633 is divided by 6920?
33
Calculate the remainder when 6935383 is divided by 8.
7
What is the remainder when 1232 is divided by 129?
71
What is the remainder when 6298 is divided by 54?
34
Calculate the remainder when 8378 is divided by 338.
266
Calculate the remainder when 196078 is divided by 24.
22
What is the remainder when 16403 is divided by 24?
11
Calculate the remainder when 3390 is divided by 2032.
1358
What is the remainder when 78755 is divided by 20?
15
Calculate the remainder when 630726 is divided by 23.
20
Calculate the remainder when 44135 is divided by 119.
105
What is the remainder when 2328789 is divided by 46?
39
What is the remainder when 1902 is divided by 92?
62
What is the remainder when 852 is divided by 33?
27
What is the remainder when 541251 is divided by 343?
340
What is the remainder when 8084 is divided by 188?
0
Calculate the remainder when 62920 is divided by 19.
11
What is the remainder when 7100 is divided by 3550?
0
Calculate the remainder when 88106 is divided by 5872.
26
What is the remainder when 192283 is divided by 16?
11
What is the remainder when 980 is divided by 50?
30
What is the remainder when 20743 is divided by 15?
13
Calculate the remainder when 7634 is divided by 1511.
79
Calculate the remainder when 161234 is divided by 53744.
2
Calculate the remainder when 1419121 is divided by 243.
1
What is the remainder when 14086 is divided by 166?
142
Calculate the remainder when 64883 is divided by 41.
21
What is the remainder when 127084 is divided by 71?
65
What is the remainder when 34649 is divided by 21?
20
What is the remainder when 5759 is divided by 439?
52
What is the remainder when 5779 is divided by 385?
4
Calculate the remainder when 467 is divided by 311.
156
Calculate the remainder when 1544 is divided by 534.
476
What is the remainder when 233077 is divided by 18?
13
What is the remainder when 92687 is divided by 310?
307
Calculate the remainder when 116108 is divided by 34.
32
Calculate the remainder when 125111 is divided by 15638.
7
What is the remainder when 3034 is divided by 33?
31
Calculate the remainder when 1142 is divided by 265.
82
What is the remainder when 16036 is divided by 1?
0
What is the remainder when 19489 is divided by 973?
29
Calculate the remainder when 163487 is divided by 10217.
15
What is the remainder when 349940 is divided by 673?
653
Calculate the remainder when 2905 is divided by 1435.
35
Calculate the remainder when 898 is divided by 366.
166
What is the remainder when 6509 is divided by 2049?
362
What is the remainder when 28092 is divided by 3120?
12
Calculate the remainder when 1316 is divided by 630.
56
What is the remainder when 324918 is divided by 36100?
18
What is the remainder when 6231 is divided by 3114?
3
Calculate the remainder when 5527 is divided by 204.
19
Calculate the remainder when 903 is divided by 12.
3
What is the remainder when 47673 is divided by 15879?
36
What is the remainder when 185 is divided by 176?
9
Calculate the remainder when 9213 is divided by 9189.
24
Calculate the remainder when 9533 is divided by 110.
73
Calculate the remainder when 71117 is divided by 81.
80
Calculate the remainder when 460557 is divided by 281.
279
What is the remainder when 473 is divided by 25?
23
Calculate the remainder when 6317492 is divided by 53.
51
What is the remainder when 154179 is divided by 13?
12
Calculate the remainder when 12619 is divided by 145.
4
Calculate the remainder when 6535 is divided by 198.
1
Calculate the remainder when 99218 is divided by 318.
2
Calculate the remainder when 116440 is divided by 145.
5
Calculate the remainder when 290565 is divided by 19.
17
Calculate the remainder when 1613 is divided by 1573.
40
What is the remainder when 361 is divided by 135?
91
Calculate the remainder when 268436 is divided by 30.
26
Calculate the remainder when 275572 is divided by 39.
37
What is the remainder when 6732 is divided by 6679?
53
Calculate the remainder when 110616 is divided by 26.
12
Calculate the remainder when 14156 is divided by 562.
106
Calculate the remainder when 204983 is divided by 807.
5
What is the remainder when 13137 is divided by 424?
417
Calculate the remainder when 708979 is divided by 37.
22
What is the remainder when 31144 is divided by 19?
3
What is the remainder when 4727 is divided by 112?
23
What is the remainder when 9393 is divided by 186?
93
What is the remainder when 2998 is divided by 141?
37
Calculate the remainder when 1652 is divided by 17.
3
What is the remainder when 316650 is divided by 177?
174
What is the remainder when 1068272 is divided by 247?
244
Calculate the remainder when 9345 is divided by 76.
73
Calculate the remainder when 3812 is divided by 58.
42
Calculate the remainder when 175489 is divided by 25.
14
What is the remainder when 97984 is divided by 48979?
26
Calculate the remainder when 1147 is divided by 144.
139
What is the remainder when 2050 is divided by 46?
26
Calculate the remainder when 43325 is divided by 143.
139
What is the remainder when 21700 is divided by 7230?
10
What is the remainder when 320405 is divided by 1242?
1211
Calculate the remainder when 933479 is divided by 3.
2
Calculate the remainder when 166734 is divided by 689.
685
What is the remainder when 12781 is divided by 1590?
61
Calculate the remainder when 2146 is divided by 2120.
26
What is the remainder when 3198 is divided by 2953?
245
Calculate the remainder when 57039 is divided by 46.
45
Calculate the remainder when 23429 is divided by 464.
229
What is the remainder when 2215 is divided by 542?
47
Calculate the remainder when 427280 is divided by 7496.
8
Calculate the remainder when 483767 is divided by 129.
17
What is the remainder when 87035 is divided by 9?
5
What is the remainder when 1698 is divided by 378?
186
Calculate the remainder when 266419 is divided by 22.
21
Calculate the remainder when 411651 is divided by 137217.
0
Calculate the remainder when 3667 is divided by 244.
7
What is the remainder when 953 is divided by 83?
40
Calculate the remainder when 583560 is divided by 14.
12
What is the remainder when 97757 is divided by 65?
62
Calculate the remainder when 81592 is divided by 16.
8
What is the remainder when 1035 is divided by 968?
67
What is the remainder when 1416 is divided by 43?
40
What is the remainder when 53724 is divided by 11?
0
Calculate the remainder when 11935 is divided by 928.
799
What is the remainder when 5103 is divided by 138?
135
Calculate the remainder when 654672 is divided by 105.
102
Calculate the remainder when 10097 is divided by 12.
5
What is the remainder when 4481 is divided by 139?
33
Calculate the remainder when 258539 is divided by 257.
254
Calculate the remainder when 20276 is divided by 31.
2
Calculate the remainder when 356637 is divided by 629.
623
What is the remainder when 35776 is divided by 35?
6
What is the remainder when 67077 is divided by 86?
83
What is the remainder when 13367 is divided by 304?
295
What is the remainder when 7102 is divided by 34?
30
What is the remainder when 25978 is divided by 139?
124
Calculate the remainder when 77403 is divided by 41.
36
Calculate the remainder when 19622 is divided by 446.
444
What is the remainder when 6296 is divided by 6227?
69
What is the remainder when 36605 is divided by 1046?
1041
What is the remainder when 13121 is divided by 9?
8
Calculate the remainder when 46458 is divided by 33.
27
Calculate the remainder when 188 is divided by 47.
0
What is the remainder when 62759 is divided by 86?
65
Calculate the remainder when 7739 is divided by 115.
34
What is the remainder when 3406 is divided by 18?
4
What is the remainder when 238394 is divided by 21?
2
What is the remainder when 27134 is divided by 151?
105
What is the remainder when 32376 is divided by 32?
24
Calculate the remainder when 2084023 is divided by 7.
4
What is the remainder 